84854?
4
What is the millions digit of 126247207?
6
What is the ten millions digit of 20117570?
2
What is the hundreds digit of 37032571?
5
What is the thousands digit of 5211538?
1
What is the thousands digit of 2580344509?
4
What is the ten thousands digit of 791234341?
3
What is the ten millions digit of 31754785?
3
What is the hundred millions digit of 187726653?
1
What is the billions digit of 6322077111?
6
What is the hundred thousands digit of 62531900?
5
What is the thousands digit of 75203257?
3
What is the units digit of 119039030?
0
What is the ten thousands digit of 32811161?
1
What is the units digit of 32217070?
0
What is the hundred millions digit of 242424570?
2
What is the millions digit of 197090682?
7
What is the thousands digit of 13691276?
1
What is the hundreds digit of 226671441?
4
What is the hundred thousands digit of 406615927?
6
What is the ten millions digit of 100970711?
0
What is the hundred thousands digit of 158519841?
5
What is the hundred thousands digit of 547198803?
1
What is the thousands digit of 4013796787?
6
What is the units digit of 1110845946?
6
What is the units digit of 7575421180?
0
What is the ten thousands digit of 417257401?
5
What is the hundred millions digit of 6135695215?
1
What is the millions digit of 39813265?
9
What is the millions digit of 123082236?
3
What is the hundred thousands digit of 104864792?
8
What is the ten thousands digit of 61129660?
2
What is the ten thousands digit of 34434106?
3
What is the ten thousands digit of 418518144?
1
What is the thousands digit of 10272323?
2
What is the millions digit of 13066015?
3
What is the millions digit of 72131004?
2
What is the hundred thousands digit of 703675414?
6
What is the hundred millions digit of 752800379?
7
What is the hundreds digit of 1356036945?
9
What is the hundreds digit of 3538820926?
9
What is the units digit of 11074877?
7
What is the millions digit of 681150818?
1
What is the ten millions digit of 78087728?
7
What is the ten thousands digit of 381227425?
2
What is the hundreds digit of 91362211?
2
What is the ten thousands digit of 1064409622?
0
What is the ten millions digit of 51220833?
5
What is the hundreds digit of 47840323?
3
What is the tens digit of 2445198866?
6
What is the thousands digit of 52397775?
7
What is the millions digit of 371649473?
1
What is the hundreds digit of 245896660?
6
What is the units digit of 965659860?
0
What is the ten millions digit of 341498228?
4
What is the hundred thousands digit of 161725533?
7
What is the hundreds digit of 342597871?
8
What is the ten millions digit of 534811456?
3
What is the ten thousands digit of 41743365?
4
What is the hundreds digit of 5796844703?
7
What is the tens digit of 85198977?
7
What is the units digit of 1109505266?
6
What is the ten millions digit of 5073021103?
7
What is the ten thousands digit of 73885016?
8
What is the ten thousands digit of 231711195?
1
What is the ten thousands digit of 69501046?
0
What is the hundreds digit of 230802274?
2
What is the hundreds digit of 106623586?
5
What is the units digit of 1819630000?
0
What is the units digit of 37459653?
3
What is the ten thousands digit of 203969616?
6
What is the tens digit of 570060054?
5
What is the units digit of 826391539?
9
What is the hundreds digit of 54197109?
1
What is the ten thousands digit of 348423100?
2
What is the thousands digit of 155131070?
1
What is the thousands digit of 322988472?
8
What is the ten thousands digit of 17744336?
4
What is the hundred millions digit of 1020589794?
0
What is the ten millions digit of 1101030530?
0
What is the hundred thousands digit of 27780396?
7
What is the hundred millions digit of 764316323?
7
What is the tens digit of 23915638?
3
What is the hundred millions digit of 100271148?
1
What is the hundred millions digit of 1236990702?
2
What is the millions digit of 1126984103?
6
What is the units digit of 435155309?
9
What is the ten millions digit of 383930297?
8
What is the thousands digit of 307399429?
9
What is the hundreds digit of 50263762?
7
What is the hundreds digit of 28364877?
8
What is the thousands digit of 9827272?
7
What is the tens digit of 310538982?
8
What is the ten millions digit of 47981383?
4
What is the thousands digit of 1458410635?
0
What is the millions digit of 1001829368?
1
What is the hundreds digit of 3399745309?
3
What is the ten millions digit of 43660445?
4
What is the hundred millions digit of 321944036?
3
What is the tens digit of 4985111257?
5
What is the hundreds digit of 16275633?
6
What is the tens digit of 54219140?
4
What is the ten thousands digit of 1637222099?
2
What is the hundreds digit of 28241792?
7
What is the thousands digit of 384975761?
5
What is the hundred thousands digit of 1286929460?
9
What is the ten millions digit of 3002620902?
0
What is the ten thousands digit of 346249659?
4
What is the ten thousands digit of 54233409?
3
What is the thousands digit of 15957115?
7
What is the thousands digit of 2589635870?
5
What is the units digit of 2222122118?
8
What is the thousands digit of 60220231?
0
What is the hundred millions digit of 277114201?
2
What is the units digit of 2247903581?
1
What is the ten millions digit of 194137566?
9
What is the hundred millions digit of 148661271?
1
What is the hundreds digit of 195057567?
5
What is the hundred millions digit of 257139623?
2
What is the thousands digit of 1556828318?
8
What is the ten thousands digit of 3775947744?
4
What is the millions digit of 183551684?
3
What is the hundred millions digit of 116679689?
1
What is the hundred thousands digit of 689483701?
4
What is the millions digit of 903797503?
3
What is the tens digit of 86970411?
1
What is the millions digit of 209677505?
9
What is the ten millions digit of 48942054?
4
What is the thousands digit of 18788882?
8
What is the millions digit of 80813885?
0
What is the ten thousands digit of 1364973718?
7
What is the thousands digit of 753249420?
9
What is the ten millions digit of 356200343?
5
What is the units digit of 11938022?
2
What is the ten millions digit of 36620552?
3
What is the ten thousands digit of 54205689?
0
What is the ten millions digit of 90463207?
9
What is the hundred thousands digit of 5587824402?
8
What is the ten millions digit of 45452734?
4
What is the hundred millions digit of 1562394613?
5
What is the hundreds digit of 2425428345?
3
What is the thousands digit of 195073357?
3
What is the hundreds digit of 3892448955?
9
What is the units digit of 436200066?
6
What is the ten millions digit of 8856122014?
5
What is the units digit of 4455477263?
3
What is the ten millions digit of 93861971?
9
What is the hundred thousands digit of 2004017693?
0
What is the ten millions digit of 77834564?
7
What is the thousands digit of 240863108?
3
What is the units digit of 812060733?
3
What is the hundred millions digit of 108756580?
1
What is the units digit of 13575791?
1
What is the hundreds digit of 150071017?
0
What is the units digit of 423667947?
7
What is the millions digit of 517491699?
7
What is the millions digit of 395181109?
5
What is the units digit of 70803846?
6
What is the tens digit of 29805248?
4
What is the millions digit of 156799175?
6
What is the hundreds digit of 282478264?
2
What is the thousands digit of 60111580?
1
What is the hundred millions digit of 6207366245?
2
What is the ten millions digit of 44119037?
4
What is the hundred thousands digit of 818022518?
0
What is the millions digit of 111484019?
1
What is the hundred thousands digit of 28525145?
5
What is the units digit of 4071290347?
7
What is the ten thousands digit of 2130967393?
6
What is the ten millions digit of 423882440?
2
What is the units digit of 557968528?
8
What is the units digit of 38198349?
9
What is the hundred thousands digit of 920779539?
7
What is the ten millions digit of 1590055272?
9
What is the hundreds digit of 1050027?
0
What is the tens digit of 344925106?
0
What is the hundreds digit of 148464666?
6
What is the millions digit of 214853704?
4
What is the millions digit of 1167904626?
7
What is the ten thousands digit of 46642921?
4
What is the hundred thousands digit of 1458953128?
9
What is the tens digit of 1989769529?
2
What is the hundred thous